{"id":153,"date":"2020-09-15T16:04:16","date_gmt":"2020-09-15T16:04:16","guid":{"rendered":"https:\/\/csillagles.eu\/?page_id=153"},"modified":"2026-03-02T21:06:01","modified_gmt":"2026-03-02T19:06:01","slug":"szolgaltatasok","status":"publish","type":"page","link":"https:\/\/csillagles.eu\/?page_id=153","title":{"rendered":""},"content":{"rendered":"\n<div class=\"wp-block-cover aligncenter\" style=\"min-height:236px\"><span aria-hidden=\"true\" class=\"wp-block-cover__background has-background-dim\"><\/span><img loading=\"lazy\" decoding=\"async\" width=\"1024\" height=\"768\" class=\"wp-block-cover__image-background wp-image-233\" alt=\"\" src=\"https:\/\/csillagles.eu\/wp-content\/uploads\/2020\/09\/IMG_3196-1024x768-1.jpg\" data-object-fit=\"cover\" srcset=\"https:\/\/csillagles.eu\/wp-content\/uploads\/2020\/09\/IMG_3196-1024x768-1.jpg 1024w, https:\/\/csillagles.eu\/wp-content\/uploads\/2020\/09\/IMG_3196-1024x768-1-300x225.jpg 300w, https:\/\/csillagles.eu\/wp-content\/uploads\/2020\/09\/IMG_3196-1024x768-1-768x576.jpg 768w, https:\/\/csillagles.eu\/wp-content\/uploads\/2020\/09\/IMG_3196-1024x768-1-80x60.jpg 80w, https:\/\/csillagles.eu\/wp-content\/uploads\/2020\/09\/IMG_3196-1024x768-1-640x480.jpg 640w, https:\/\/csillagles.eu\/wp-content\/uploads\/2020\/09\/IMG_3196-1024x768-1-110x83.jpg 110w\" sizes=\"(max-width: 1024px) 100vw, 1024px\" \/><div class=\"wp-block-cover__inner-container is-layout-flow wp-block-cover-is-layout-flow\">\n<p class=\"has-text-align-center has-large-font-size\">Szolg\u00e1ltat\u00e1sok<\/p>\n<\/div><\/div>\n\n\n<\/p>\n<p><strong>Felszerelts\u00e9g:<\/strong><\/p>\n\n\n<div class=\"wp-block-group is-layout-flow wp-block-group-is-layout-flow\"><div class=\"wp-block-group__inner-container\">\n<div class=\"wp-block-columns is-layout-flex wp-container-core-columns-layout-1 wp-block-columns-is-layout-flex\">\n<div class=\"wp-block-column is-layout-flow wp-block-column-is-layout-flow\">\n<p>Az eg\u00e9sz h\u00e1z ter\u00fclet\u00e9n:<\/p>\n\n\n\n<ul id=\"block-bad7cc0f-fa99-4fc4-baeb-e34ab2b64922\">\n<li>padl\u00f3f\u0171t\u00e9s a h\u00e1z teljes ter\u00fclet\u00e9n<\/li>\n\n\n\n<li>ingyenes, korl\u00e1tlan wifi<\/li>\n\n\n\n<li>korai \u00e9rkez\u00e9s (10:00) \u00e9s a k\u00e9s\u0151i t\u00e1voz\u00e1s (16:00) az alapszolg\u00e1ltat\u00e1s r\u00e9sze  <\/li>\n\n\n\n<li>Parkol\u00e1s a kapu el\u0151tt 2 aut\u00f3 r\u00e9sz\u00e9re <\/li>\n<\/ul>\n\n\n\n<p>Amerikai konyh\u00e1s nappali \u00e1gyazhat\u00f3 kanap\u00e9val: <\/p>\n\n\n\n<ul id=\"block-bad7cc0f-fa99-4fc4-baeb-e34ab2b64922\">\n<li>konyhai eszk\u00f6z\u00f6kkel, \u00e9tk\u00e9szlettel teljesen felszerelt konyha<\/li>\n\n\n\n<li>mosogat\u00f3g\u00e9p &#8211; tablett\u00e1val<\/li>\n\n\n\n<li>Nespresso k\u00e1v\u00e9f\u0151z\u0151<\/li>\n\n\n\n<li>mikrohull\u00e1m\u00fa s\u00fct\u0151<\/li>\n\n\n\n<li>fagyaszt\u00f3s h\u0171t\u0151<\/li>\n\n\n\n<li>v\u00edzforral\u00f3<\/li>\n\n\n\n<li>keny\u00e9rpir\u00edt\u00f3<\/li>\n\n\n\n<li>sz\u00e1mos konyhai eszk\u00f6z (botmixer, m\u00e9rleg, stb)<\/li>\n\n\n\n<li>tea \u00e9s k\u00e1v\u00e9 bek\u00e9sz\u00edt\u00e9s<\/li>\n\n\n\n<li>kandall\u00f3<\/li>\n\n\n\n<li>160&#215;200-ra \u00e1gyazhat\u00f3 k\u00e9tszem\u00e9lyes kih\u00fazhat\u00f3 kanap\u00e9<\/li>\n<\/ul>\n\n\n\n<p>H\u00e1l\u00f3szoba 1. <\/p>\n\n\n\n<ul id=\"block-bad7cc0f-fa99-4fc4-baeb-e34ab2b64922\">\n<li>160&#215;200 francia\u00e1gy<\/li>\n\n\n\n<li>\u00e9jjeliszekr\u00e9nyek olvas\u00f3l\u00e1mp\u00e1kkal<\/li>\n\n\n\n<li>fi\u00f3kos kom\u00f3d<\/li>\n\n\n\n<li>ruh\u00e1sszekr\u00e9ny akaszt\u00f3val<\/li>\n\n\n\n<li>\u00e1gynem\u0171, \u00e1gynem\u0171huzat<\/li>\n<\/ul>\n\n\n\n<p>H\u00e1l\u00f3szoba 2.<\/p>\n\n\n\n<ul id=\"block-bad7cc0f-fa99-4fc4-baeb-e34ab2b64922\">\n<li>2 db 90&#215;200 egyszem\u00e9lyes \u00e1gy<\/li>\n\n\n\n<li>ruh\u00e1sszekr\u00e9ny polcokkal<\/li>\n\n\n\n<li>j\u00e1t\u00e9ksarok rengeteg j\u00e1t\u00e9kkal gyerekeknek \u00e9s feln\u0151tteknek ill. mesek\u00f6nyvek<\/li>\n\n\n\n<li>\u00e1gynem\u0171, \u00e1gynem\u0171huzat<\/li>\n\n\n\n<li>1 db chromecast TV<\/li>\n<\/ul>\n\n\n\n<p><\/p>\n<\/div>\n\n\n\n<div class=\"wp-block-column is-layout-flow wp-block-column-is-layout-flow\">\n<p>F\u00fcrd\u0151szoba:<\/p>\n\n\n\n<ul id=\"block-bad7cc0f-fa99-4fc4-baeb-e34ab2b64922\">\n<li>t\u00f6r\u00f6lk\u00f6z\u0151k<\/li>\n\n\n\n<li>k\u00e1d<\/li>\n\n\n\n<li>es\u0151ztet\u0151s zuhany<\/li>\n\n\n\n<li>WC, bid\u00e9<\/li>\n\n\n\n<li>f\u00fcrd\u0151szobai bek\u00e9sz\u00edt\u00e9sek<\/li>\n<\/ul>\n\n\n\n<p>Terasz:<\/p>\n\n\n\n<ul id=\"block-bad7cc0f-fa99-4fc4-baeb-e34ab2b64922\">\n<li>terasz, k\u00fclt\u00e9ri b\u00fatorok<\/li>\n\n\n\n<li>bogr\u00e1cs, ny\u00e1rsak,  k\u0151grill<\/li>\n\n\n\n<li>a kertben homokoz\u00f3, hinta, \u00e9s k\u00fclt\u00e9ri j\u00e1t\u00e9kok<\/li>\n\n\n\n<li>k\u00fcl\u00f6nb\u00f6z\u0151 hinta- \u00e9s nyug\u00e1gyak<\/li>\n<\/ul>\n\n\n\n<p>Bababar\u00e1t felszerelts\u00e9g:<\/p>\n\n\n\n<ul id=\"block-bad7cc0f-fa99-4fc4-baeb-e34ab2b64922\">\n<li>utaz\u00f3\u00e1gy, babak\u00e1d, etet\u0151sz\u00e9k, wc-sz\u0171k\u00edt\u0151, fell\u00e9p\u0151 &#8211; ig\u00e9ny eset\u00e9n k\u00e9rj\u00fck, jelezz\u00e9k!<\/li>\n\n\n\n<li> m\u0171anyag \u00e9tk\u00e9szlet, botmixer \u00e9s konyhai m\u00e9rleg is.<\/li>\n<\/ul>\n\n\n\n<p><\/p>\n<\/div>\n<\/div>\n\n\n\n<ul>\n<li><em>Hogy a pihen\u00e9s pihen\u00e9s legyen, n\u00e1lunk a korai \u00e9rkez\u00e9s \u00e9s a k\u00e9s\u0151i t\u00e1voz\u00e1s term\u00e9szetes, ez\u00e9rt a h\u00e1zat d\u00e9lel\u0151tt 10 \u00f3r\u00e1t\u00f3l el lehet foglalni, \u00e9s d\u00e9lut\u00e1n 16 \u00f3r\u00e1ig kell elhagyni.<\/em><\/li>\n<\/ul>\n\n\n\n<p><\/p>\n<\/div><\/div>\n\n\n\n<ul>\n<li>Nespresso k\u00e1v\u00e9g\u00e9p\u00fcnkbe Nespresso k\u00e1v\u00e9kapszul\u00e1kat is lehet rendelni, a Foglal\u00e1s oldalon egy mozdulattal. J\u00f3 lehet\u0151s\u00e9g, hogy a k\u00edn\u00e1latunkb\u00f3l t\u00f6bbf\u00e9le \u00edzt is kipr\u00f3b\u00e1ljanak. <\/li>\n<\/ul>\n\n\n\n<div class=\"wp-block-group is-nowrap is-layout-flex wp-container-core-group-layout-3 wp-block-group-is-layout-flex\">\n<ul>\n<li>M\u00e1r reggeli is rendelhet\u0151 a BAKET j\u00f3volt\u00e1b\u00f3l. Helyi termel\u0151kt\u0151l friss p\u00e9k\u00e1ruval. Rendel\u00e9st leadni s \u00e9rdekl\u0151dni az al\u00e1bbi e-mail c\u00edmen lehet: <br><a href=\"mailto:baketreggeli@gmail.com\" target=\"_blank\" rel=\"noreferrer noopener\">baketreggeli@gmail.com<\/a><\/li>\n<\/ul>\n\n\n\n<div class=\"wp-block-group is-layout-constrained wp-block-group-is-layout-constrained\"><div class=\"wp-block-group__inner-container\"><div class=\"wp-block-image\">\n<figure class=\"aligncenter size-full is-resized\"><img loading=\"lazy\" decoding=\"async\" width=\"414\" height=\"414\" src=\"https:\/\/csillagles.eu\/wp-content\/uploads\/2025\/08\/527965351_1944086636291915_3113935836726695608_n-2.jpg\" alt=\"\" class=\"wp-image-835\" style=\"width:218px;height:auto\" srcset=\"https:\/\/csillagles.eu\/wp-content\/uploads\/2025\/08\/527965351_1944086636291915_3113935836726695608_n-2.jpg 414w, https:\/\/csillagles.eu\/wp-content\/uploads\/2025\/08\/527965351_1944086636291915_3113935836726695608_n-2-300x300.jpg 300w, https:\/\/csillagles.eu\/wp-content\/uploads\/2025\/08\/527965351_1944086636291915_3113935836726695608_n-2-150x150.jpg 150w, https:\/\/csillagles.eu\/wp-content\/uploads\/2025\/08\/527965351_1944086636291915_3113935836726695608_n-2-60x60.jpg 60w\" sizes=\"(max-width: 414px) 100vw, 414px\" \/><\/figure><\/div><\/div><\/div>\n<\/div>\n\n\n\n<p><\/p>\n\n\n\n<div class=\"wp-block-group is-content-justification-space-between is-nowrap is-layout-flex wp-container-core-group-layout-4 wp-block-group-is-layout-flex\">\n<ul>\n<li>Egy\u00fcttm\u0171k\u00f6d\u00e9s\u00fcnk keret\u00e9ben a k\u00f6zelben l\u00e9v\u0151 Hotel Nar\u00e1dban vend\u00e9geink 10%-os kedvezm\u00e9nnyel vehetik ig\u00e9nybe a wellness \u00e9s az \u00e9ttermi szolg\u00e1ltat\u00e1sokat is. <\/li>\n<\/ul>\n\n\n<div class=\"wp-block-image is-style-default\">\n<figure class=\"aligncenter size-full is-resized\"><img loading=\"lazy\" decoding=\"async\" width=\"940\" height=\"788\" src=\"https:\/\/csillagles.eu\/wp-content\/uploads\/2023\/07\/Egyuttmukodes-Hotel-Narad.jpg\" alt=\"\" class=\"wp-image-655\" style=\"aspect-ratio:1.1924528301886792;width:260px;height:auto\" srcset=\"https:\/\/csillagles.eu\/wp-content\/uploads\/2023\/07\/Egyuttmukodes-Hotel-Narad.jpg 940w, https:\/\/csillagles.eu\/wp-content\/uploads\/2023\/07\/Egyuttmukodes-Hotel-Narad-300x251.jpg 300w, https:\/\/csillagles.eu\/wp-content\/uploads\/2023\/07\/Egyuttmukodes-Hotel-Narad-150x126.jpg 150w, https:\/\/csillagles.eu\/wp-content\/uploads\/2023\/07\/Egyuttmukodes-Hotel-Narad-768x644.jpg 768w, https:\/\/csillagles.eu\/wp-content\/uploads\/2023\/07\/Egyuttmukodes-Hotel-Narad-72x60.jpg 72w\" sizes=\"(max-width: 940px) 100vw, 940px\" \/><\/figure><\/div><\/div>\n\n\n\n<p><\/p>\n\n\n\n<div class=\"wp-block-group is-nowrap is-layout-flex wp-container-core-group-layout-6 wp-block-group-is-layout-flex\">\n<ul>\n<li>Manaps\u00e1g egy utaz\u00e1s nem csak a sz\u00e1ll\u00e1sr\u00f3l \u00e9s a programokr\u00f3l&nbsp;sz\u00f3l, hanem a legt\u00f6bben szeretn\u00e9nek megismerkedni a helyi \u00edzekkel is. Ehhez szeretn\u00e9nk seg\u00edts\u00e9get ny\u00fajtani. A M\u00e1tra t\u00f6rt\u00e9nelmi borvid\u00e9ke a magyar borvid\u00e9kek k\u00f6z\u00fcl a m\u00e1sodik legnagyobb. A ter\u00fcleten \u0151si hagyom\u00e1nyai vannak a sz\u0151l\u00e9szeti-bor\u00e1szati tev\u00e9kenys\u00e9gnek, a nemzetk\u00f6zileg is elismert pinc\u00e9szetek 70 %-ban feh\u00e9r borokat k\u00e9sz\u00edtenek.&nbsp;<br>Hogy jobban megismerhess\u00e9k&nbsp;a kiv\u00e1l\u00f3 m\u00e1trai borokat, k\u00e9tf\u00e9le&nbsp;csomagot \u00e1ll\u00edtottunk \u00f6ssze, mindegyik csomag 3 palack kiv\u00e1l\u00f3, d\u00edjnyertes m\u00e1trai bort tartalmaz. Egy csomag \u00e1ra 6.000 Ft. (A csomagok \u00f6sszet\u00e9tele v\u00e1ltozhat a k\u00edn\u00e1latt\u00f3l f\u00fcgg\u0151en.)<br>A borokat megrendelni a sz\u00e1ll\u00e1s foglal\u00e1sakor, egy mozdulattal, k\u00e9nyelmesen, a foglal\u00e1si \u0171rlap mellett is lehet.<\/li>\n<\/ul>\n\n\n\n<div class=\"wp-block-columns is-layout-flex wp-container-core-columns-layout-2 wp-block-columns-is-layout-flex\">\n<div class=\"wp-block-column is-layout-flow wp-block-column-is-layout-flow\" style=\"flex-basis:100%\">\n<div class=\"wp-block-group is-layout-constrained wp-block-group-is-layout-constrained\"><div class=\"wp-block-group__inner-container\"><div class=\"wp-block-image is-style-default\">\n<figure class=\"aligncenter size-large is-resized\"><img loading=\"lazy\" decoding=\"async\" width=\"768\" height=\"1024\" src=\"https:\/\/csillagles.eu\/wp-content\/uploads\/2021\/03\/IMG_4784-1-768x1024.jpeg\" alt=\"\" class=\"wp-image-341\" style=\"width:364px;height:auto\" srcset=\"https:\/\/csillagles.eu\/wp-content\/uploads\/2021\/03\/IMG_4784-1-768x1024.jpeg 768w, https:\/\/csillagles.eu\/wp-content\/uploads\/2021\/03\/IMG_4784-1-225x300.jpeg 225w, https:\/\/csillagles.eu\/wp-content\/uploads\/2021\/03\/IMG_4784-1-1152x1536.jpeg 1152w, https:\/\/csillagles.eu\/wp-content\/uploads\/2021\/03\/IMG_4784-1-1536x2048.jpeg 1536w, https:\/\/csillagles.eu\/wp-content\/uploads\/2021\/03\/IMG_4784-1-45x60.jpeg 45w, https:\/\/csillagles.eu\/wp-content\/uploads\/2021\/03\/IMG_4784-1-scaled.jpeg 1920w\" sizes=\"(max-width: 768px) 100vw, 768px\" \/><\/figure><\/div><\/div><\/div>\n<\/div>\n<\/div>\n<\/div>\n\n\n\n<p><\/p>\n","protected":false},"excerpt":{"rendered":"<p>Felszerelts\u00e9g: Az eg\u00e9sz h\u00e1z ter\u00fclet\u00e9n: Amerikai konyh\u00e1s nappali \u00e1gyazhat\u00f3 kanap\u00e9val: H\u00e1l\u00f3szoba 1. H\u00e1l\u00f3szoba 2. F\u00fcrd\u0151szoba: Terasz: Bababar\u00e1t felszerelts\u00e9g:<\/p>\n","protected":false},"author":1,"featured_media":0,"parent":0,"menu_order":0,"comment_status":"closed","ping_status":"closed","template":"","meta":{"footnotes":""},"_links":{"self":[{"href":"https:\/\/csillagles.eu\/index.php?rest_route=\/wp\/v2\/pages\/153"}],"collection":[{"href":"https:\/\/csillagles.eu\/index.php?rest_route=\/wp\/v2\/pages"}],"about":[{"href":"https:\/\/csillagles.eu\/index.php?rest_route=\/wp\/v2\/types\/page"}],"author":[{"embeddable":true,"href":"https:\/\/csillagles.eu\/index.php?rest_route=\/wp\/v2\/users\/1"}],"replies":[{"embeddable":true,"href":"https:\/\/csillagles.eu\/index.php?rest_route=%2Fwp%2Fv2%2Fcomments&post=153"}],"version-history":[{"count":114,"href":"https:\/\/csillagles.eu\/index.php?rest_route=\/wp\/v2\/pages\/153\/revisions"}],"predecessor-version":[{"id":936,"href":"https:\/\/csillagles.eu\/index.php?rest_route=\/wp\/v2\/pages\/153\/revisions\/936"}],"wp:attachment":[{"href":"https:\/\/csillagles.eu\/index.php?rest_route=%2Fwp%2Fv2%2Fmedia&parent=153"}],"curies":[{"name":"wp","href":"https:\/\/api.w.org\/{rel}","templated":true}]}}